t the prime factors of o(-4).
2, 13
Let h = 7705 - -4643. List the prime factors of h.
2, 3, 7
Let p = -102 + 120. Suppose -9*h = -18*h + p. List the prime factors of 152 + h + (-2 + 3)*-3.
151
Let r(y) = 81*y**2 - 9*y**2 + 5*y - 7 + 26. List the prime factors of r(-4).
1151
Suppose 0 = 6*h + 3962 - 9392. What are the prime factors of h?
5, 181
Suppose 2*j + 3*j - 105 = 0. Let u be 0/2*(-35)/105. Suppose 6 - j = 5*q, u = -z + q + 44. List the prime factors of z.
41
Let c(x) = 980*x**2 - 5*x - 3. Let q(p) = -1960*p**2 + 8*p + 5. Let h(j) = -5*c(j) - 3*q(j). List the prime factors of h(1).
3, 109
Suppose -1849*t = -1842*t - 546. Let w = t + -59. What are the prime factors of w?
19
Suppose 34*k - 6*b + 8123 = 35*k, -16 = -4*b. List the prime factors of k.
7, 13, 89
Let b = 986 + -1402. Let v = 572 + b. What are the prime factors of v?
2, 3, 13
Suppose -u + 54*d + 34692 = 50*d, -4*u + 138768 = -2*d. Suppose 44*a - u = 17140. What are the prime factors of a?
2, 19, 31
Suppose -y + 4*q = -447, -q = -y + 220 + 227. Let k = y - 244. List the prime factors of k.
7, 29
Let s be 20/48*3*(18 - 2). Suppose -s*w + 5670 = -10*w. List the prime factors of w.
3, 7
Let j = 141317 + -87215. What are the prime factors of j?
2, 3, 71, 127
Let d be (-76)/(-40)*-4*5. Let c = d - -41. Suppose 4*j + c*z - 149 = 0, 6*z = -3*j + 2*z + 117. What are the prime factors of j?
5, 7
Let k be (-2)/7*(-91)/13. Suppose -k*c + 960 = 264. Suppose -5*r = -20, 4*x - r = -6*r + c. What are the prime factors of x?
2, 41
Let f = -2608 - -8911. What are the prime factors of f?
3, 11, 191
Let s be 21/(5 + -8) - -9. Suppose -s*p + 10*p = 12224. List the prime factors of p.
2, 191
Let s(m) = 564*m**2 - 128*m + 44. List the prime factors of s(7).
2, 3, 31
Let t = -31 - -35. Suppose -2*y = -0*y + 4, 4*y = -t*m + 68. Suppose m*w = 18*w + 25. List the prime factors of w.
5
Let q be 368*2*120/(-8 - -20). Suppose 10*d = -10*d + q. List the prime factors of d.
2, 23
Suppose -4*g + 311 = -3*g. Let y = g + -47. List the prime factors of y.
2, 3, 11
Let g(k) = 2*k. Let c(v) = -16*v + 9. Let x(p) = 2*c(p) + 14*g(p). Let d(z) = -z + 1. Let q(h) = -d(h) + x(h). List the prime factors of q(3).
2
Suppose 11*o - 27759 - 23745 = 39510. What are the prime factors of o?
2, 3, 7, 197
Let g(t) = 91*t**3 + 4*t**2 + 5*t - 46. What are the prime factors of g(5)?
2, 3, 23, 83
Suppose 5*z = 15, 1181 = -2*g + 3*z - 918. Let l = 722 - g. What are the prime factors of l?
3, 19, 31
Suppose -1044200 = 6169*g - 6194*g. What are the prime factors of g?
2, 23, 227
Let m = -33 + 37. Suppose d - 2*q = 3*q - 8, 0 = -m*d + 3*q + 2. Suppose 80 = 3*t - d*t. List the prime factors of t.
2, 5
Suppose -i + 6380 + 1832 + 1599 = 0. What are the prime factors of i?
9811
Suppose -5*t - 2*r - 52 = 0, 2*t + r + 0*r + 20 = 0. Let l = 18 + t. Suppose -2*k = l*v - v - 338, -v - 169 = -k. List the prime factors of k.
13
Suppose 4*h = 6*h. What are the prime factors of h + 2925/20 - 5/20?
2, 73
Let m be 356 - 6/((-36)/(-30)). Let q = m - 319. List the prime factors of q.
2
Let n = 18986 + 6459. List the prime factors of n.
5, 7, 727
Let i be 3/12*0 + 4. Suppose -5*w = 25, -2*w = -i*x + 13 + 5. Suppose -x*b + 38 = -372. List the prime factors of b.
5, 41
List the prime factors of (103*3)/(-11 - 685/(-57) - 1).
3, 19, 103
Let b be (114/(-2))/(1*(-6)/4). Suppose b = 5*m + 8. What are the prime factors of m/(-3) + 252/4?
61
Let l(y) = 24*y**2 + 3*y - 28. Suppose -1 = -7*x + 34. What are the prime factors of l(x)?
587
Let v be 44 + ((-24)/6 - (-4)/2). Suppose -p - p + v = 0. What are the prime factors of ((-9)/7 - -1) + 1917/p?
7, 13
Let m = -7841 + 13523. What are the prime factors of m?
2, 3, 947
List the prime factors of (-1139972)/(-84) + 2/273*-13.
41, 331
Let p(u) = 3*u + 4 + 7*u + 2*u. Suppose 4*x - j - 11 = 0, -26*x + 31*x + 4*j = 19. What are the prime factors of p(x)?
2, 5
Let u(r) = 15*r**2 + 3*r - 6. Let q be u(-5). Let v(j) = 5*j**2 - 140*j - 44. Let d be v(29). Suppose q = d*h - 98*h. What are the prime factors of h?
2, 59
Suppose 7*s + s = 69526 + 25210. What are the prime factors of s?
2, 31, 191
Let q(o) = 18013*o**2 + 30*o - 1. List the prime factors of q(1).
2, 3, 31, 97
Let u(g) = 433*g - 2*g**2 - g**3 - 3 - 26*g**3 - 435*g. Let t be u(-2). Let s = t + -123. List the prime factors of s.
2, 43
What are the prime factors of (-27 - -42) + (4 - -8786)?
3, 5, 587
Let c(a) = 612*a**2 - 17*a - 216. What are the prime factors of c(-4)?
2, 2411
Suppose 5*q - 8975 = -5*r, -2*r - 6*q + 7*q = -3575. Suppose 4*i = -i + 3*l + r, -5*i + l + 1800 = 0. List the prime factors of i.
19
Let k = 169263 - 76275. List the prime factors of k.
2, 3, 7, 41
Suppose -25 = 5*m, 209 = 3*o - o - 5*m. Let j = -89 + o. Suppose 3*q - 9 = -5*u, j*q - 5*u - 3 = 2*q. What are the prime factors of q?
3
Let k = 339 + -96. Let p = -119 + k. Suppose 5*g - 26 - p = 0. What are the prime factors of g?
2, 3, 5
Let j(p) = -3*p - 29. Let b be j(-12). Let t(o) = o**3 - o**2 - 13*o + 20. List the prime factors of t(b).
223
Let y = 823 + -800. Suppose -8928 - 1284 = -y*a. List the prime factors of a.
2, 3, 37
Suppose -3036368 = -23*d - 37*d - 14*d. List the prime factors of d.
2, 23, 223
Let o be (1 - -13)/(-55 + 57). Suppose o*j = -10*j + 10608. List the prime factors of j.
2, 3, 13
Let w = 423 + -423. Let t(k) = -k**2 + k + 606. List the prime factors of t(w).
2, 3, 101
Let q be (-3 + 10 + -23)/(1 - 0). List the prime factors of (-10 - -2)*876/q.
2, 3, 73
Suppose 54*s - 752592 - 162549 = 18087. List the prime factors of s.
2, 8641
Let p be (182/(-42))/(3/(-117)). Let d(u) = -u**3 + 9*u**2 - 8*u - 2. Let l be d(6). Let s = p - l. What are the prime factors of s?
3, 37
Let h(f) = -f**2 + 153*f - 38. What are the prime factors of h(53)?
2, 3, 877
What are the prime factors of -22 + (-18)/(-1) + 22558?
2, 3, 7, 179
Let f = -22 - -35. Suppose 6*h - 41 = f. Suppose h*w = 3*w + 300. What are the prime factors of w?
2, 5
Let s(j) = j**3 + 8*j**2 + 0*j**2 - 3*j**2 - 3*j + 7*j + 9. Let d be s(-4). Suppose d*m - 104 = 175. List the prime factors of m.
31
What are the prime factors of ((1808/3)/4)/((-6)/(-9))?
2, 113
Let p be 25/(-5) - (-4 - 282). Let q = -141 + p. What are the prime factors of q?
2, 5, 7
Let j = 17 - 12. Suppose -13 = -4*n - 5*g, -3*g + 5 = -0*n + n. Suppose -j*t + 310 = 3*a + n*a, 4*a - 65 = -t. What are the prime factors of t?
61
Let v(j) = j**3 + 4*j**2 - 11*j + 12. Let o be v(-6). Let s be (80/35 - -2)*315. What are the prime factors of (o - 2)*s/24?
3, 5
Suppose 12 = 4*w - 2*n, 4*w - 10 = w + 2*n. Let d be (-3 + 2/(-8)*-22)*w. Suppose -d*z + 190 = -810. What are the prime factors of z?
2, 5
Let q(o) = -9*o + 351. Let p be q(37). Suppose -f = -4*m - 60, -p*m + 16*m + 276 = 4*f. What are the prime factors of f?
2, 17
Suppose 4*b - 3*n + 3671 + 6676 = 0, n - 5171 = 2*b. Let i = b - -3825. List the prime factors of i.
2, 3, 23
Suppose -15 = 5*b, -6*b = 2*a - 8*b - 11004. What are the prime factors of a?
3, 13, 47
Let j(f) = f**2 - 33*f + 150. Let s be j(28). Suppose s*h + 1106 = 16286. List the prime factors of h.
2, 3, 11, 23
Let q = 14827 - 8363. List the prime factors of q.
2, 101
Let s = 35 + -4. Suppose -3*g + s = 4*q - 512, -5*g = -25. Let i = -52 + q. List the prime factors of i.
2, 5
Let x(h) = -2*h**2 - 10*h + 77. Let j be x(-9). Suppose j*r + 11*a - 4038 = 9*a, 4*a = -4*r + 3228. What are the prime factors of r?
2, 101
What are the prime factors of (1/(-9))/((-68)/135252)?
13, 17
Suppose 6*w - 3*w + q - 26 = 0, -2*w - 2*q = -20. Suppose v = -2*r + 260, -13*r = -w*r - 5*v - 620. What are the prime factors of r?
2
Let n be 12/(-8) + (-206)/(-4). Suppose -42*d - 864 = -n*d. List the prime factors of d.
2, 3
Let l(p) = 196*p**3 + 8*p**2 - 37*p + 76. List the prime factors of l(3).
73
Let o be (6/(-10))/(1/(-5)). Suppose -o*f - 33 = -6*f. List the prime factors of (166 - f)*4/10.
2, 31
Let k(q) be the second derivative of 113*q**3/6 - 116*q**2 + q - 14. List the prime factors of k(7).
13, 43
Let u(h) = 8*h**2 + 2*h - 1. Suppose -2*f = 3*f - 2*n + 3, -2*f - 5*n + 22 = 0. Let v be u(f). Suppose v*x - 60 = 3*x. What are the prime factors of x?
2, 5
Suppose 0 = 2*g + 8, 0 = -3*f + 2*g - 1017 - 577. Let p = 1443 + f. List the prime factors of p.
3, 101
Let u = 2